8 - x. List the prime factors of u.
3
Suppose -3*a = -5*r + 316055, -1272*r - 126401 = -1274*r - 3*a. What are the prime factors of r?
2, 7901
Suppose 1272*l = 1110*l + 5009850. What are the prime factors of l?
5, 1237
Suppose 0 = r + 2*r - 3*a - 24, -2*a - 10 = 0. Suppose -3*c - 3*t = -1479, 2*c - 1002 = 5*t - r*t. What are the prime factors of c?
7, 71
Let d = 3983 + -1002. What are the prime factors of d?
11, 271
List the prime factors of -123*12/(-18)*12650/44.
5, 23, 41
Let z = 896 - -565. What are the prime factors of z?
3, 487
Suppose 5*z + 4*u + 3 - 7 = 0, 2*z + 4 = -3*u. Suppose 3*o = z*j + 19, -3*j = -o + 1 - 3. Let x = 97 - o. List the prime factors of x.
2, 3, 7
Let i = 445 + -440. Suppose 433 = v - i*x - 824, 0 = -2*x - 8. List the prime factors of v.
1237
What are the prime factors of ((26 - 340) + 9)/((-1)/15)?
3, 5, 61
Suppose 0 = 4*l - 4*s - 20, 0 = -4*l - s + 5 - 0. Suppose 2*t + 4 = -l*t. List the prime factors of t/(351/177 + -2).
59
Suppose 359 = 5*p + 1424. Let m be (0 + -392 - 3) + (-4 - (-7 + 7)). Let w = p - m. List the prime factors of w.
2, 3, 31
Let n(r) be the first derivative of r**4/4 + 23*r**3/3 - r**2 + 13*r - 60. Suppose -2*d - 23 = o, -3*o + 2*o + 3*d = 23. List the prime factors of n(o).
59
Suppose 0*x + 270788 = 27*x - 51187. List the prime factors of x.
3, 5, 53
Suppose 0*j - 35*j + 3055086 = 79*j. What are the prime factors of j?
3, 8933
Suppose 4*i = 2*k - 112, -2*i - 168 = -3*k - i. Let g = k + -52. Suppose 4*u - 85 = -5*a + 276, g*u - a = 355. List the prime factors of u.
89
Let h(q) = q**3 + 19*q**2 - q - 16. Let g be h(-19). Suppose 0 = g*m - 3*z - z - 366, -5*z + 393 = 3*m. Suppose -381 = -3*i - m. List the prime factors of i.
5, 17
Let r be 6/(-9) + (-49)/21. What are the prime factors of ((-1533)/45 - 4/(-10))*r?
101
Let g(f) = -f**3 - 15*f**2 - 16*f - 42. Let o be g(-14). Let d(j) = -48*j - 87. List the prime factors of d(o).
3, 5, 13
Let d(w) = 16*w**2 + 9*w - 34. Let v be d(-10). Suppose 0 = -7*r + r + v. List the prime factors of r.
2, 3, 41
Suppose 5 = 5*x - 5*g, 6 = 5*x - 4*g + 2. Suppose 6*c - 8*c + 4 = x. Suppose 0 = -c*w + w + 82. What are the prime factors of w?
2, 41
Let k = 34664 + -14559. Suppose -32*r = -31287 - k. What are the prime factors of r?
2, 11, 73
Let m = -27 - -47. Suppose 3*k + 2*k - m = 0. Suppose 37 = 2*w - 0*q - 3*q, -3*w = -k*q - 58. List the prime factors of w.
2, 13
Suppose -3*m = -7*m - 140. Let a = m + 69. Suppose 254 - a = 5*b. What are the prime factors of b?
2, 11
Suppose 0 = 4*m + 5*s - 25, 21*s - 25*s - 32 = -2*m. Let g(h) = 85*h - 40. List the prime factors of g(m).
2, 3, 5
Let t be 4/(((-3)/13)/(21/14)). What are the prime factors of (20 - t)*(8 + -1)?
2, 7, 23
Suppose -4*c = -6*c + 4. Suppose -3*y - 2255 = -c*r, 4*r = 5*y + 4111 + 394. What are the prime factors of r?
2, 5, 7
Let d(n) = n**2 + 29*n - 23. Let w(b) = 2*b**2 + 60*b - 45. Let v(h) = 5*d(h) - 3*w(h). What are the prime factors of v(-29)?
2, 97
Let w(h) = 12*h**2 + 112*h + 956. List the prime factors of w(-56).
2, 3, 2693
Let a(l) = 1017*l + 404. What are the prime factors of a(15)?
7, 2237
Suppose 22 = 19*u + 250. Let x(y) = 3*y**2 + 32*y - 20. List the prime factors of x(u).
2, 7
Let w = -1656 - -3977. List the prime factors of w.
11, 211
Let j(v) = v**2 + 6. Let b be j(6). Let a = -333 - -335. Suppose -3*s = c - b, -3*s - a*c + 42 = -5*c. List the prime factors of s.
2, 7
Suppose -h = -x - 3*x + 10, h = -x + 5. Suppose -x*m - 19 = -46. List the prime factors of 2/m - (1 + 1724/(-18)).
5, 19
Let g(z) = -z. Let x(h) = -2*h + 30. Let r = 58 + -36. Let p be x(r). List the prime factors of g(p).
2, 7
Suppose -20*n + 105 = n. Suppose n*x = -0*x. Suppose 4*b - 2*b - 306 = x. What are the prime factors of b?
3, 17
Suppose -39*i + 809265 = -893280. What are the prime factors of i?
5, 8731
Let k be (2/4)/((-25)/(-16750)). Let t = k - -385. List the prime factors of t.
2, 3, 5
List the prime factors of 75/125 - 10704/(-10).
3, 7, 17
Suppose 3*r - 48 = 162. Suppose -3*g = 6, 417 = c - g - r. List the prime factors of c.
5, 97
Suppose -3*o = o - 28. Suppose -2*z - 5 = -o. Suppose -893 = -5*g + 4*r, -2*r + 5 = -z. What are the prime factors of g?
181
Let c(m) = -398 + 395 - 5*m**2 + 28*m + 2*m**2. Let i be c(-9). Let u = -268 - i. What are the prime factors of u?
2, 5, 23
Let d be (-6 - 186/(-30)) + (-6295)/(-25). What are the prime factors of -222*(-1812)/d + (-2)/7?
2, 3, 7, 19
What are the prime factors of (10500/(-40))/7*(-5)/((-15)/(-974))?
5, 487
Suppose 0 = 4*p - n - 33, 11 + 4 = 5*n. Suppose 8*k + 8 = p*k. Let g(h) = h**2 - h + 18. List the prime factors of g(k).
2, 37
Let g be (-4 + 86360/12)*3/2. Suppose -g = -15*n + 7421. List the prime factors of n.
2, 607
Let d = -181 + -251. Let u = d - -454. What are the prime factors of u?
2, 11
List the prime factors of (-5)/3 - 463072/(-87).
17, 313
Suppose -2*k = -5*i + 271 - 70, i - 36 = -k. Suppose -i + 589 = 2*r. What are the prime factors of r?
5, 11
Let h(o) = -10*o - 3 + 41*o + 50*o. Let b be h(2). Suppose b = 2*u - 45. What are the prime factors of u?
2, 3, 17
Let d(t) = -4790*t + 2744. What are the prime factors of d(-6)?
2, 17, 463
Suppose 114*n + 31520 = 122*n. List the prime factors of n.
2, 5, 197
Let n(t) = -2971*t - 2596. List the prime factors of n(-4).
2, 3, 43
Suppose 0 = -5*b + 1633 + 2027. What are the prime factors of b?
2, 3, 61
Suppose -15*z + 11*z = -60. What are the prime factors of -2*3/z*5120/(-8)?
2
Let k(z) = 868*z**2 - 336*z - 9. List the prime factors of k(-5).
23371
Let w(r) = -2*r + 36 - 8*r + 9. Let t(b) = -b**2 - 15*b - 63. Let c be t(-6). What are the prime factors of w(c)?
3, 5
Suppose 4*z + 12 = 0, 4*z + 20 - 2 = 3*y. Suppose 0 = -y*f - 40 + 2270. What are the prime factors of f?
5, 223
Suppose -9701952 = 492*n - 700*n. List the prime factors of n.
2, 3, 13, 23
Let a(u) = -428*u**3 - 2*u**2 - 2*u - 1. Let h = -80 + 79. What are the prime factors of a(h)?
7, 61
Let t(g) = -g**3 - 17*g**2 + 97*g + 25. List the prime factors of t(-33).
2, 13, 137
Let n(o) = 2*o**2 + 24*o + 66. Let g be n(-4). Suppose 0 = -5*l - t + 1308, -4*l + t = g*t - 1046. List the prime factors of l.
2, 131
Suppose -3*g + 89 = -4*c, 4 = -c - 4*g - 4. Let x be (15/c)/(1/(-4)). Suppose 21 + 18 = x*r. List the prime factors of r.
13
List the prime factors of (-215516)/(-10) + (-22)/(-1045)*19.
2, 3, 449
Let b(j) = -9*j + 2. Let m be b(0). Suppose m*y + 152 = 206. What are the prime factors of y?
3
Let g = -1134 + 1652. What are the prime factors of g?
2, 7, 37
Suppose -u = -5*k + 172, -u - 4*k + 46 = 254. Suppose 23*d - 24*d = -2*f - 233, -f + 4*d - 120 = 0. Let c = f - u. List the prime factors of c.
2, 19
Let i be ((-8142)/(-24))/(4/16). Let o = i - 665. What are the prime factors of o?
2, 173
Let d(i) = i**3 + 8*i**2 - 2*i - 14. Let w be d(-8). Let m(j) = 2*j + 2*j**w - 4*j**2 + j + j**2 + 13. What are the prime factors of m(0)?
13
Let k(w) = -243*w**2 + w - 1. Let m be k(1). Let o(t) = -t**3 + 4*t**2 + 152*t - 959. Let a be o(6). Let g = a - m. List the prime factors of g.
2, 31
Let c be -1 + (3/12 - 4/16). Let x(w) = 26*w**3 - 3*w**2 - 4*w - 2. Let i be x(c). Let a = 60 - i. List the prime factors of a.
3, 29
List the prime factors of 231/(-308) + -1 + 28630/8.
7, 73
Let j be (-8 - -4)/(2 + 408/(-201)). Let v = j - 114. List the prime factors of v.
2, 5
Let x = 110 - 113. What are the prime factors of x/(-14)*2 - (-199665)/595?
2, 3, 7
List the prime factors of ((-2089)/(-4))/((-319)/(-10208)).
2, 2089
Let g = 12262 - 1751. List the prime factors of g.
23, 457
Let y(f) = 6*f**3 + 7*f**2 + 4*f - 34. Suppose -32*q = -22*q - 50. List the prime factors of y(q).
911
Suppose -55 = 4*v + 49. Suppose 3*n - 21*j + 18*j + 9 = 0, -7*j = 2*n - 48. List the prime factors of ((-11417)/(-273) + 4/v)*n.
5
Let o = 128 + 8222. Suppose -o = -21*i + 1373. List the prime factors of i.
463
Suppose -b - 91 = -k, -5*k + 144 = -3*b - 121. Let p = b - -98. Suppose p*c = 2*c - m + 149, -3*m - 561 = -4*c. What are the prime factors of c?
2, 3
Let f be ((-9)/5 + 1)*(-830)/4. Suppose 0 = 2*x + f - 514. List the prime factors of x.
2, 3, 29
Suppose 108*q = 63*q + 286110. What are the prime factors of q?
2, 11, 17
Let z = -526 - -517. Let q(j) = j**3 + 18*j**2 - j + 10. Wha